{"id":917,"date":"2023-07-03T04:22:15","date_gmt":"2023-07-03T04:22:15","guid":{"rendered":"https:\/\/apocalipsis.pe\/?post_type=product&#038;p=917"},"modified":"2024-09-04T22:08:29","modified_gmt":"2024-09-04T22:08:29","slug":"lipo-6-black-uc-60-cap","status":"publish","type":"product","link":"https:\/\/apocalipsis.pe\/?product=lipo-6-black-uc-60-cap","title":{"rendered":"Lipo 6 Black UC 60 CAPS"},"content":{"rendered":"<p>Es el quemador de grasa m\u00e1s fuerte. Es tan fuerte que nunca se puede tomar m\u00e1s de una pastilla. Se trata de una sola pastilla \u00fanico quemador de grasa de ultra concentrado s\u00faper potente que se ha dise\u00f1ado para ayudar a su cuerpo a destruir r\u00e1pidamente los dep\u00f3sitos de grasa.<\/p>\n<p>&nbsp;<\/p>\n<p>Para ayudar a asegurar que sus metas de la dieta y la p\u00e9rdida de peso se convierten en un gran \u00e9xito, Lipo-6 Black Ultra Concentrado ejerce un potente efecto supresor del apetito. Enciende adem\u00e1s una sensaci\u00f3n extrema de la energ\u00eda y el estado de alerta que te mantendr\u00e1 jugando durante horas. Para asegurar efectos \u00f3ptimos, los poderosos ingredientes de\u00a0<strong>Lipo-6 Black<\/strong>\u00a0<strong>Ultra Concentrado<\/strong>\u00a0est\u00e1n incrustados en c\u00e1psulas de r\u00e1pida absorci\u00f3n.<\/p>\n<p>S\u00f3lo una capsula, ser\u00e1 el necesario\u00a0para el total contra la quema de grasa.<\/p>\n<p>Tenga cuidado:\u00a0<strong>Lipo-6 Black Ultra Concentrado<\/strong>\u00a0es un producto intenso, Un destructor de grasa a diferencia de cualquier otro producto \u00abquema grasa\u00bb<\/p>\n<h2>Rapida Absorci\u00f3n<\/h2>\n<p>El lipo 6 black ultra concentrado es de rapida absorci\u00f3n al tener<\/p>\n<h2>CARACTER\u00cdSTICAS\u00a0PRINCIPALES DEL LIPO 6 BLACK ULTRA CONCENTRADO\u00a0:<\/h2>\n<p>1. Quemador ultra concentrado para efectos extra fuertes<br \/>\n2. Mayor potencia: s\u00f3lo una pastilla necesaria<br \/>\n3. Activa el metabolismo y quema calor\u00edas extra<br \/>\n4. R\u00e1pida absorci\u00f3n<br \/>\n5. Alimentaci\u00f3n y tratamiento completa 30 a 45 d\u00edas<\/p>\n<h2>Como tomar el lipo 6 Ultra Concentrado<\/h2>\n<p>Lea detenidamente las instrucciones del productos: el lipo 6 black ultra concentrado se toma la primera semana solo una capsula 1\/2 hora antes del entrenamiento, a partir de la segunda semana 1 antes de entrenar y otra por la tarde:<\/p>\n<h2>ADVERTENCIA<\/h2>\n<p>No tomar mas de 2 capsulas diarias<\/p>\n<p>No tomar dos capsulas juntas<\/p>\n<p>El producto tiene cafe\u00edna, tomar al menos 8 horas antes de dormir<\/p>\n<p>CONSULTE CON SU MEDICO ANTES DE USAR<\/p>\n<p><strong>Informaci\u00f3n Nutricional de lipo 6 black ultra concentrado de Nutrex<\/strong><\/p>\n","protected":false},"excerpt":{"rendered":"<p>Es el quemador de grasa m\u00e1s fuerte. Es tan fuerte que nunca se puede tomar m\u00e1s de una pastilla. Se trata de una sola pastilla \u00fanico quemador de grasa de ultra concentrado s\u00faper potente que se ha dise\u00f1ado para ayudar a su cuerpo a destruir r\u00e1pidamente los dep\u00f3sitos de grasa.<\/p>\n","protected":false},"featured_media":28497,"comment_status":"open","ping_status":"closed","template":"","meta":[],"product_cat":[26,37],"product_tag":[],"aioseo_notices":[],"_links":{"self":[{"href":"https:\/\/apocalipsis.pe\/index.php?rest_route=\/wp\/v2\/product\/917"}],"collection":[{"href":"https:\/\/apocalipsis.pe\/index.php?rest_route=\/wp\/v2\/product"}],"about":[{"href":"https:\/\/apocalipsis.pe\/index.php?rest_route=\/wp\/v2\/types\/product"}],"replies":[{"embeddable":true,"href":"https:\/\/apocalipsis.pe\/index.php?rest_route=%2Fwp%2Fv2%2Fcomments&post=917"}],"version-history":[{"count":2,"href":"https:\/\/apocalipsis.pe\/index.php?rest_route=\/wp\/v2\/product\/917\/revisions"}],"predecessor-version":[{"id":28713,"href":"https:\/\/apocalipsis.pe\/index.php?rest_route=\/wp\/v2\/product\/917\/revisions\/28713"}],"wp:featuredmedia":[{"embeddable":true,"href":"https:\/\/apocalipsis.pe\/index.php?rest_route=\/wp\/v2\/media\/28497"}],"wp:attachment":[{"href":"https:\/\/apocalipsis.pe\/index.php?rest_route=%2Fwp%2Fv2%2Fmedia&parent=917"}],"wp:term":[{"taxonomy":"product_cat","embeddable":true,"href":"https:\/\/apocalipsis.pe\/index.php?rest_route=%2Fwp%2Fv2%2Fproduct_cat&post=917"},{"taxonomy":"product_tag","embeddable":true,"href":"https:\/\/apocalipsis.pe\/index.php?rest_route=%2Fwp%2Fv2%2Fproduct_tag&post=917"}],"curies":[{"name":"wp","href":"https:\/\/api.w.org\/{rel}","templated":true}]}}