{"id":420,"date":"2023-06-27T01:35:44","date_gmt":"2023-06-27T01:35:44","guid":{"rendered":"https:\/\/apocalipsis.pe\/?post_type=product&#038;p=420"},"modified":"2024-09-05T05:30:14","modified_gmt":"2024-09-05T05:30:14","slug":"bcaa-de-457g","status":"publish","type":"product","link":"https:\/\/apocalipsis.pe\/?product=bcaa-de-457g","title":{"rendered":"BCAA 12000 457 Gr"},"content":{"rendered":"<p><strong>Objetivos:<\/strong><\/p>\n<ul>\n<li>Te ayuda a dar energ\u00eda<\/li>\n<li>Te da enfoque, concentraci\u00f3n para el entrenamiento y actividades diarias<\/li>\n<li>Ayuda a mantener la masa muscular<\/li>\n<\/ul>\n<p><strong>Presentaci\u00f3n y duraci\u00f3n:<\/strong><\/p>\n<ul>\n<li>Duraci\u00f3n: 60 servicios<\/li>\n<li>Tama\u00f1o: 457g<\/li>\n<li>Sabor: Orange y Fruit Punch<\/li>\n<\/ul>\n<p><strong>Caracter\u00edsticas:<\/strong><\/p>\n<ul>\n<li>Rendimiento \u00f3ptimo<\/li>\n<li>Recuperaci\u00f3n y crecimiento<\/li>\n<li>Ratio: 2:1:1<\/li>\n<li>6g de BCAA por servicio<\/li>\n<\/ul>\n<p><strong>Modo de uso:<\/strong><\/p>\n<ul>\n<li>Mezclar un scoop de 6 a 8 onzas de agua (180 a 240ml)<\/li>\n<li>Para un uso \u00f3ptimo, tomar 2 veces al d\u00eda: 1 entre las comidas y el segundo inmediatamente despu\u00e9s de entrenar<\/li>\n<\/ul>\n<p><strong>Advertencias y precausiones:<\/strong><\/p>\n<ul>\n<li>FLAVORED BCAA 12,000 Orange (DE-2691),<br \/>\nFLAVORED BCAA 12,000 Fruit Punch (DE-2900). Suplemento Diet\u00e9tico.<br \/>\nNo debe utilizarse como sustituto de una dieta equilibrada.<br \/>\nNo superar la dosis diaria expresamente recomendada para productos diet\u00e9ticos.<br \/>\nSi experimenta erupci\u00f3n cut\u00e1nea u otra reacci\u00f3n al\u00e9rgica, suspenda su uso y consulte a su m\u00e9dico.<br \/>\nNo se recomienda usar en menores de 18 a\u00f1os.<\/li>\n<\/ul>\n","protected":false},"excerpt":{"rendered":"<p><strong>Objetivos:<\/strong><\/p>\n<ul>\n<li>Te ayuda a dar energ\u00eda<\/li>\n<li>Te da enfoque, concentraci\u00f3n para el entrenamiento y actividades diarias<\/li>\n<li>Ayuda a mantener la masa muscular<\/li>\n<\/ul>\n","protected":false},"featured_media":424,"comment_status":"open","ping_status":"closed","template":"","meta":[],"product_cat":[31,18],"product_tag":[],"aioseo_notices":[],"_links":{"self":[{"href":"https:\/\/apocalipsis.pe\/index.php?rest_route=\/wp\/v2\/product\/420"}],"collection":[{"href":"https:\/\/apocalipsis.pe\/index.php?rest_route=\/wp\/v2\/product"}],"about":[{"href":"https:\/\/apocalipsis.pe\/index.php?rest_route=\/wp\/v2\/types\/product"}],"replies":[{"embeddable":true,"href":"https:\/\/apocalipsis.pe\/index.php?rest_route=%2Fwp%2Fv2%2Fcomments&post=420"}],"version-history":[{"count":6,"href":"https:\/\/apocalipsis.pe\/index.php?rest_route=\/wp\/v2\/product\/420\/revisions"}],"predecessor-version":[{"id":28749,"href":"https:\/\/apocalipsis.pe\/index.php?rest_route=\/wp\/v2\/product\/420\/revisions\/28749"}],"wp:featuredmedia":[{"embeddable":true,"href":"https:\/\/apocalipsis.pe\/index.php?rest_route=\/wp\/v2\/media\/424"}],"wp:attachment":[{"href":"https:\/\/apocalipsis.pe\/index.php?rest_route=%2Fwp%2Fv2%2Fmedia&parent=420"}],"wp:term":[{"taxonomy":"product_cat","embeddable":true,"href":"https:\/\/apocalipsis.pe\/index.php?rest_route=%2Fwp%2Fv2%2Fproduct_cat&post=420"},{"taxonomy":"product_tag","embeddable":true,"href":"https:\/\/apocalipsis.pe\/index.php?rest_route=%2Fwp%2Fv2%2Fproduct_tag&post=420"}],"curies":[{"name":"wp","href":"https:\/\/api.w.org\/{rel}","templated":true}]}}