{"id":28288,"date":"2024-08-22T18:49:56","date_gmt":"2024-08-22T18:49:56","guid":{"rendered":"https:\/\/apocalipsis.pe\/?post_type=product&#038;p=28288"},"modified":"2024-08-27T21:20:53","modified_gmt":"2024-08-27T21:20:53","slug":"citrato-de-magnesio-400mg","status":"publish","type":"product","link":"https:\/\/apocalipsis.pe\/?product=citrato-de-magnesio-400mg","title":{"rendered":"Citrato de Magnesio 400mg"},"content":{"rendered":"<p>Acerca de las vitaminas naturales de WINDMILL Windmill ofrece f\u00f3rmulas de vanguardia basadas cl\u00ednicamente para satisfacer una variedad de necesidades del mercado, incluyendo vitaminas y minerales m\u00faltiples y individuales, suplementos alimenticios integrales, verduras, prote\u00ednas, f\u00f3rmulas especializadas, nutrici\u00f3n antienvejecimiento, espec\u00edfica para condiciones, nutrici\u00f3n de rendimiento y hierbas.<\/p>\n","protected":false},"excerpt":{"rendered":"<ul>\n<li>Soporte de coraz\u00f3n, hueso y nervio. Citrato de magnesio, uno de los minerales m\u00e1s importantes que juega un papel importante en el apoyo de la funci\u00f3n card\u00edaca normal, los m\u00fasculos y la fuerza \u00f3sea.<\/li>\n<li>Apoya movimientos saludables del cuenco. El citrato de magnesio de vitaminas naturales Windmill ayuda a mejorar la evacuaci\u00f3n intestinal y ayuda a aliviar el estre\u00f1imiento ocasional.<\/li>\n<li>Sin OMG, sin gluten, vegano. Windmill Natural Vitamins \u2013 Citrato de magnesio de 400 mg no es OMG, sin gluten y vegano.<\/li>\n<\/ul>\n","protected":false},"featured_media":28290,"comment_status":"closed","ping_status":"closed","template":"","meta":[],"product_cat":[38,154],"product_tag":[],"aioseo_notices":[],"_links":{"self":[{"href":"https:\/\/apocalipsis.pe\/index.php?rest_route=\/wp\/v2\/product\/28288"}],"collection":[{"href":"https:\/\/apocalipsis.pe\/index.php?rest_route=\/wp\/v2\/product"}],"about":[{"href":"https:\/\/apocalipsis.pe\/index.php?rest_route=\/wp\/v2\/types\/product"}],"replies":[{"embeddable":true,"href":"https:\/\/apocalipsis.pe\/index.php?rest_route=%2Fwp%2Fv2%2Fcomments&post=28288"}],"version-history":[{"count":1,"href":"https:\/\/apocalipsis.pe\/index.php?rest_route=\/wp\/v2\/product\/28288\/revisions"}],"predecessor-version":[{"id":28292,"href":"https:\/\/apocalipsis.pe\/index.php?rest_route=\/wp\/v2\/product\/28288\/revisions\/28292"}],"wp:featuredmedia":[{"embeddable":true,"href":"https:\/\/apocalipsis.pe\/index.php?rest_route=\/wp\/v2\/media\/28290"}],"wp:attachment":[{"href":"https:\/\/apocalipsis.pe\/index.php?rest_route=%2Fwp%2Fv2%2Fmedia&parent=28288"}],"wp:term":[{"taxonomy":"product_cat","embeddable":true,"href":"https:\/\/apocalipsis.pe\/index.php?rest_route=%2Fwp%2Fv2%2Fproduct_cat&post=28288"},{"taxonomy":"product_tag","embeddable":true,"href":"https:\/\/apocalipsis.pe\/index.php?rest_route=%2Fwp%2Fv2%2Fproduct_tag&post=28288"}],"curies":[{"name":"wp","href":"https:\/\/api.w.org\/{rel}","templated":true}]}}