{"id":28266,"date":"2024-08-22T17:34:17","date_gmt":"2024-08-22T17:34:17","guid":{"rendered":"https:\/\/apocalipsis.pe\/?post_type=product&#038;p=28266"},"modified":"2024-08-27T21:30:29","modified_gmt":"2024-08-27T21:30:29","slug":"omega-3-90-softgel","status":"publish","type":"product","link":"https:\/\/apocalipsis.pe\/?product=omega-3-90-softgel","title":{"rendered":"Omega 3-90 softgel"},"content":{"rendered":"<ul>\n<li>Omega 3 proporciona 1000 mg de aceite de pescado con EPA y DHA en cada c\u00e1psula blanda. Los \u00e1cidos grasos omega-3 son esenciales para una buena nutrici\u00f3n y el bienestar general. Dado que el cuerpo no puede producir estas grasas, deben consumirse a trav\u00e9s de la dieta o mediante suplementos.<\/li>\n<li>Promueve el colesterol saludable<\/li>\n<li>Apoya la salud del cerebro y el coraz\u00f3n<\/li>\n<li>Contribuye al mantenimiento de la salud ocular<\/li>\n<li>SUPLEMENTO NUTRICIONAL: No debe utilizarse como sustituto de una dieta equilibrada. Utilice este producto como un suplemento diet\u00e9tico \u00fanicamente. Este producto no est\u00e1 indicado para el diagn\u00f3stico, tratamiento, curaci\u00f3n ni prevenci\u00f3n de alguna enfermedad.<\/li>\n<\/ul>\n","protected":false},"excerpt":{"rendered":"<ul>\n<li>Omega 3 proporciona 1000 mg de aceite de pescado con EPA y DHA en cada c\u00e1psula blanda. Los \u00e1cidos grasos omega-3 son esenciales para una buena nutrici\u00f3n y el bienestar general. Dado que el cuerpo no puede producir estas grasas, deben consumirse a trav\u00e9s de la dieta o mediante suplementos.<\/li>\n<\/ul>\n","protected":false},"featured_media":28272,"comment_status":"closed","ping_status":"closed","template":"","meta":[],"product_cat":[38,154],"product_tag":[],"aioseo_notices":[],"_links":{"self":[{"href":"https:\/\/apocalipsis.pe\/index.php?rest_route=\/wp\/v2\/product\/28266"}],"collection":[{"href":"https:\/\/apocalipsis.pe\/index.php?rest_route=\/wp\/v2\/product"}],"about":[{"href":"https:\/\/apocalipsis.pe\/index.php?rest_route=\/wp\/v2\/types\/product"}],"replies":[{"embeddable":true,"href":"https:\/\/apocalipsis.pe\/index.php?rest_route=%2Fwp%2Fv2%2Fcomments&post=28266"}],"version-history":[{"count":4,"href":"https:\/\/apocalipsis.pe\/index.php?rest_route=\/wp\/v2\/product\/28266\/revisions"}],"predecessor-version":[{"id":28504,"href":"https:\/\/apocalipsis.pe\/index.php?rest_route=\/wp\/v2\/product\/28266\/revisions\/28504"}],"wp:featuredmedia":[{"embeddable":true,"href":"https:\/\/apocalipsis.pe\/index.php?rest_route=\/wp\/v2\/media\/28272"}],"wp:attachment":[{"href":"https:\/\/apocalipsis.pe\/index.php?rest_route=%2Fwp%2Fv2%2Fmedia&parent=28266"}],"wp:term":[{"taxonomy":"product_cat","embeddable":true,"href":"https:\/\/apocalipsis.pe\/index.php?rest_route=%2Fwp%2Fv2%2Fproduct_cat&post=28266"},{"taxonomy":"product_tag","embeddable":true,"href":"https:\/\/apocalipsis.pe\/index.php?rest_route=%2Fwp%2Fv2%2Fproduct_tag&post=28266"}],"curies":[{"name":"wp","href":"https:\/\/api.w.org\/{rel}","templated":true}]}}