{"id":28251,"date":"2024-08-18T06:50:05","date_gmt":"2024-08-18T06:50:05","guid":{"rendered":"https:\/\/apocalipsis.pe\/?post_type=product&#038;p=28251"},"modified":"2024-08-23T22:55:08","modified_gmt":"2024-08-23T22:55:08","slug":"hydrolysed-5lb","status":"publish","type":"product","link":"https:\/\/apocalipsis.pe\/?product=hydrolysed-5lb","title":{"rendered":"Hydrolysed 5lb"},"content":{"rendered":"<p>Potencia tu rendimiento y recuperaci\u00f3n La prote\u00edna hidrolizada es una forma pre-digerida e innovadora de prote\u00edna de suero, destac\u00e1ndose como uno de los suplementos nutricionales m\u00e1s vanguardistas en el mercado actual. Sometida a un proceso de hidr\u00f3lisis que descompone sus largas cadenas de prote\u00ednas en p\u00e9ptidos m\u00e1s peque\u00f1os, esta prote\u00edna se destaca por su f\u00e1cil digesti\u00f3n y r\u00e1pida absorci\u00f3n por parte del organismo.<\/p>\n","protected":false},"excerpt":{"rendered":"<p>Potencia tu rendimiento y recuperaci\u00f3n La prote\u00edna hidrolizada es una forma pre-digerida e innovadora de prote\u00edna de suero, destac\u00e1ndose como uno de los suplementos nutricionales m\u00e1s vanguardistas en el mercado actual. Sometida a un proceso de hidr\u00f3lisis que descompone sus largas cadenas de prote\u00ednas en p\u00e9ptidos m\u00e1s peque\u00f1os, esta prote\u00edna se destaca por su f\u00e1cil digesti\u00f3n y r\u00e1pida absorci\u00f3n por parte del organismo.<\/p>\n","protected":false},"featured_media":28252,"comment_status":"open","ping_status":"closed","template":"","meta":[],"product_cat":[157,36],"product_tag":[],"aioseo_notices":[],"_links":{"self":[{"href":"https:\/\/apocalipsis.pe\/index.php?rest_route=\/wp\/v2\/product\/28251"}],"collection":[{"href":"https:\/\/apocalipsis.pe\/index.php?rest_route=\/wp\/v2\/product"}],"about":[{"href":"https:\/\/apocalipsis.pe\/index.php?rest_route=\/wp\/v2\/types\/product"}],"replies":[{"embeddable":true,"href":"https:\/\/apocalipsis.pe\/index.php?rest_route=%2Fwp%2Fv2%2Fcomments&post=28251"}],"version-history":[{"count":1,"href":"https:\/\/apocalipsis.pe\/index.php?rest_route=\/wp\/v2\/product\/28251\/revisions"}],"predecessor-version":[{"id":28255,"href":"https:\/\/apocalipsis.pe\/index.php?rest_route=\/wp\/v2\/product\/28251\/revisions\/28255"}],"wp:featuredmedia":[{"embeddable":true,"href":"https:\/\/apocalipsis.pe\/index.php?rest_route=\/wp\/v2\/media\/28252"}],"wp:attachment":[{"href":"https:\/\/apocalipsis.pe\/index.php?rest_route=%2Fwp%2Fv2%2Fmedia&parent=28251"}],"wp:term":[{"taxonomy":"product_cat","embeddable":true,"href":"https:\/\/apocalipsis.pe\/index.php?rest_route=%2Fwp%2Fv2%2Fproduct_cat&post=28251"},{"taxonomy":"product_tag","embeddable":true,"href":"https:\/\/apocalipsis.pe\/index.php?rest_route=%2Fwp%2Fv2%2Fproduct_tag&post=28251"}],"curies":[{"name":"wp","href":"https:\/\/api.w.org\/{rel}","templated":true}]}}